Let k(h) = 0*h**2 - 4*h + h**3 - m*h**2 - 3 + 0*h**3. Let n be k(5). Give u(n).
-3
Let a = -24 + 16. Let v(w) = w - 1. Let g(o) = -3*o + 2. Let p(m) = a*v(m) - 3*g(m). Suppose -d - 4*b - 17 = 0, -5*d + 2*d + 4 = b. Give p(d).
5
Let n(u) be the second derivative of -u**4/12 - 4*u**3/3 - u**2 + 2*u. Determine n(-6).
10
Let b(q) = 6*q**2. Let i be b(1). Let h(o) = o - 2. Let l be h(i). Let t(s) = s + 5. What is t(l)?
9
Let b(y) be the second derivative of y**3/6 + 5*y**2/2 - 24*y. Give b(-6).
-1
Let k be (-5 - -3)/(-2 - 0). Suppose 3*j + 10 - k = 0, v + 8 = -2*j. Let q(f) = -3*f + 2. Calculate q(v).
8
Let x(b) = b**2 - b. Let j(u) = -u**3 - 10*u**2 + 7*u + 1. Let p(q) = j(q) + 6*x(q). What is p(-2)?
-9
Let b(l) be the third derivative of 7/24*l**4 + 0*l + 0*l**3 + 0 - l**2. Let x = -9 + 10. Calculate b(x).
7
Let q(x) = -5*x**3 + 9*x**2 + 9*x - 25. Let s(f) = 3*f**3 - 5*f**2 - 5*f + 13. Let k(n) = 4*q(n) + 7*s(n). Suppose -5*l + l = 0. Calculate k(l).
-9
Let c(f) be the third derivative of f**5/60 + f**3/2 + 28*f**2. Calculate c(0).
3
Let c(m) = 2*m**2 + 4*m + 3. Let k(g) = g + 5. Let l be k(5). Suppose 0 = -2*j - 4*h - l, 4*j + j + 17 = -2*h. Determine c(j).
9
Let g(x) = -x**2 + 2*x. Let r(v) be the second derivative of 1/12*v**4 + 0 - 1/2*v**3 + v - 1/2*v**2. Let d(a) = -5*g(a) - 2*r(a). Calculate d(2).
6
Let n(f) = f**3 + 7*f**2 + 6*f + 5. Let a = 35 + -41. Calculate n(a).
5
Suppose -5*x + 2*x = -42. Let s(a) = -2 - 8*a**2 + x*a**2 + 3*a - 5*a**2. What is s(-3)?
-2
Let d(w) = 4*w**2 + 1. Let c be 2/3*(-27)/(-6). Let x(r) = -r**2 + 4*r - 2. Let p be x(c). Give d(p).
5
Let v(u) = -u**2 - 4*u + 5. Let l be -6 - -9 - 6/2. Suppose -j + 2 - 8 = l. Give v(j).
-7
Let l(m) = 0 + 2*m - 3 - 3*m. Let j = 11 - 13. Determine l(j).
-1
Let l(n) be the second derivative of -n**5/30 - n**4/8 - n**3/3 + n**2 - n. Let p(m) be the first derivative of l(m). Let v = 8 - 11. What is p(v)?
-11
Let u(c) = c**2 + 6*c - 10. Let j = 58 + -65. Determine u(j).
-3
Suppose 0 = -3*r + 6 + 6. Let x(q) = r*q + 5*q - 5*q - 3*q. Let i be 5/((-1 + -1)/2). Determine x(i).
-5
Let w(k) = -k + 61 - k**2 - 66 - 2*k. What is w(-4)?
-9
Let s(d) = d**3 + 5*d**2 + 2*d + 4. Let v be s(-5). Let c(g) = g + 11. Let m(n) = -1. Let a(z) = -c(z) - 3*m(z). Calculate a(v).
-2
Let a(n) = 9*n - 3. Let i be a(7). Suppose 0 = -6*g + g + i. Suppose 5*q + 13 = -g. Let p(k) = k**3 + 5*k**2 + k + 4. Give p(q).
-1
Let y(n) = -3*n**3 - 7*n**2 - n - 19. Let u(o) = o**3 + 4*o**2 + 9. Suppose -i = -4*i + 6. Let s(r) = i*y(r) + 5*u(r). Calculate s(6).
-5
Let c(i) = -i**3 + i**2 + 2*i - 3. Let r(a) = 2*a**2 + 2*a - 2. Let p be r(-2). Give c(p).
-3
Let k = 15 + -5. Suppose -s - s = -k. Let m(g) = -3*g + 8*g + 2 + g**3 - 6*g**2 + 2. Give m(s).
4
Suppose -2*p = -5*p, -3*m = 5*p. Let q(w) = 0 - 4*w**3 - 7 + 2*w**3 + 3*w**3. Give q(m).
-7
Let w(c) be the second derivative of -1/12*c**4 - 7/6*c**3 + 3/2*c**2 - 6*c + 0. Calculate w(-6).
9
Let x(v) be the first derivative of -v**3/3 + 7*v**2/2 - 5*v + 28. Let f = -5 - -10. Determine x(f).
5
Let g(f) = -5*f - 2*f + 3*f + 8 - 13. Calculate g(-4).
11
Let b(s) = s**3 + 5*s**2 + 2*s - 4. Suppose -5 = 2*g + 3. Let d be b(g). Let r(h) = -h**2 + 5*h - 3. Determine r(d).
1
Let t(h) = h**3 - 6*h**2 + 2*h - 3. Let v(i) = i**3 - 3*i**2 - 3*i + 3. Let s be v(3). Let g be 2/3 + (-32)/s. What is t(g)?
9
Let c(f) = f**2 + 6*f - 7. Let h(d) = -3*d - 20 + 2*d + 7. Let x be h(-7). What is c(x)?
-7
Suppose 3*y + y + 16 = 2*f, -28 = -5*f - 2*y. Let c(a) be the second derivative of a**4/12 - a**3 - 5*a**2/2 - 10*a. What is c(f)?
-5
Let d(j) = -j**2 - 6*j - 2. Let u(i) = i**3 + i**2 + i. Let g(l) = -d(l) - 3*u(l). What is g(-2)?
12
Let x(j) = -3*j**2 + 4*j**2 + 6*j + 0*j - 4. Let d(t) be the third derivative of -t**4/24 - 5*t**3/3 + t**2. Let n be d(-5). Give x(n).
-9
Let r(w) = w**3 - 5*w**2 - 6*w + 6. Let x(h) = h**3 + 15*h**2 + 13*h + 10. Let y be x(-14). Suppose -4*k + y = 2*l - 0*l, -24 = -4*k - 3*l. Determine r(k).
6
Let n = -15 + 18. Let s(m) = 4*m**3 + m**2 - 3*m - 5. Let q(j) = -j**3 + j + 1. Let f(p) = 9*q(p) + 2*s(p). What is f(n)?
-1
Let r(m) = -5*m. Let x(v) = 18*v + 1. Let s(y) = -7*r(y) - 2*x(y). Let q = -7 - -4. Determine s(q).
1
Let v(u) be the first derivative of u**3/3 + 7*u**2/2 + 2*u - 2. What is v(-5)?
-8
Suppose -5*z + 0*z + 10 = 0. Suppose 4 - 8 = z*w. Let h(l) = -l**3 - 2*l**2 - l. What is h(w)?
2
Let y(t) be the second derivative of t**5/10 - t**4/4 + t**3/3 - 3*t**2/2 + 38*t. Suppose 3*w = 3*f + 5*w + 2, 22 = f - 5*w. What is y(f)?
5
Let v(g) = -g + g - 2*g**3 - 9*g**2 - 2 + 3*g**3. Determine v(9).
-2
Suppose -2*m = -4*h - m + 8, 5*m = -3*h + 29. Let s(v) = -3*v**h + 2*v - 1 - 2*v**2 + 0*v - 2*v**3 + 0*v**2. Let b = 5 - 4. Give s(b).
-6
Suppose 57 = -9*g + 129. Let q(u) = -u**3 + 9*u**2 - 6*u - 10. Calculate q(g).
6
Let a be (-6)/(-3) + -1*1. Suppose 0 = -t - 2, -19 = 2*l + 4*t - 1. Let w(i) = -3*i - 4. Let k(q) = 4*q + 3. Let p(y) = l*k(y) - 4*w(y). What is p(a)?
-7
Let d(j) = 2*j**3 - j**2 - 5*j + 2. Let o be d(2). Let u(t) = t - 2*t + 13 - 11. Calculate u(o).
-2
Let h(c) be the first derivative of 2*c**2 + 11. Give h(-1).
-4
Let f(d) = -2*d**2 - 5*d - 2. Let l(a) = 3*a - 1. Let g be l(1). Let p be (-4)/(-14) - g/7. Suppose p*r + 6 = -2*r. Determine f(r).
-5
Let r(t) = -t**3 + 3*t - 3. Suppose -3*d + 5*f - 4 = 0, 2*d - 3*f = 5*d + 12. Determine r(d).
15
Suppose 2*q + 3*t = -0*q + 4, 0 = t. Let w(c) = -c**2 + 5*c - 3. Give w(q).
3
Suppose m - 6 = -0*m - j, -3*m - j = -14. Suppose 2*g - 16 = -3*y, 5*y - 2*g = -0*y + 16. Let x(h) = -2*h**2 + y - h - 5*h**3 + 6*h**2 + 4*h**3. Determine x(m).
0
Let i(d) = d**3 - 9*d**2 + 9*d - 6. Let n be i(8). Let v(f) = -2*f**2 + 4*f - 5. Let c be v(n). Let w(q) = q + 7. Give w(c).
2
Let k = -73 + 71. Let l(p) be the third derivative of -p**4/6 + p**3/3 + p**2. Calculate l(k).
10
Let x(m) = 3*m - 3. Suppose 3*q + 25 = 8*q. What is x(q)?
12
Let f = 4 + -2. Let j(t) = 0*t - 2 + 4*t**2 - f*t + 3. Let a(p) = p**2 + p - 1. Let c be a(1). What is j(c)?
3
Let h(t) be the third derivative of t**6/120 - 2*t**5/15 + 7*t**4/24 - t**3/2 - 10*t**2. Give h(7).
-3
Let r(g) = -2*g - 3 - 4*g**3 + 4 + 4*g**2 + 3*g**3. Let q = 19 + -16. Suppose -3 = -4*d + q*d. Give r(d).
4
Let d(t) = -t**3 - 4*t**2 - 2*t + 2. Let r(l) = -l**2 - l + 8. Let n be r(3). Determine d(n).
10
Let v(l) = l**2 + l + 2. Let o be v(0). Let b be 1 - 2 - 12/(-4). Let y(a) = -b*a**3 - 2*a + 3*a + 0*a**3 - 3*a + 4*a**2. What is y(o)?
-4
Let c(k) = -k**3 + 3*k**2 + 3*k - 6. Let h = 1 - -1. Suppose -2*z + h*o + 22 = 0, -3*o - 65 = -4*z - 6*o. Let j = z + -10. Calculate c(j).
-10
Let f(p) = 2*p**2 - 11*p - 7. Let c(m) = -5*m**2 + 23*m + 15. Let r(w) = 3*c(w) + 7*f(w). Calculate r(-8).
-4
Let w(c) = 5*c**2 - 8*c. Let t(f) be the first derivative of 4*f**3/3 - 7*f**2/2 - f - 4. Let h(i) = -4*t(i) + 3*w(i). Calculate h(4).
4
Suppose 0 = -3*p + 9, -5*d - 4*p + p = -14. Let s(u) be the first derivative of -3*u**3 - u - 1. Calculate s(d).
-10
Let x(f) = -3*f + 2*f - 3 - 1. Let y be 27/(-6) + 2/4. Determine x(y).
0
Let j(r) = -r**3 - 6*r**2 - 4*r - 1. Let u be 1/(-3)*0*-1. Suppose -a - a + 22 = u. Let l = -16 + a. Give j(l).
-6
Let b(k) = -k + 12. Let a be b(6). Let m(g) = -g**2 + 8*g - 5. Let s be m(a). Let c(t) = t**3 - 6*t**2 - 7*t - 4. Give c(s).
-4
Suppose 5*i + 6 = -3*o, 18 = -o - 5*i + 6. Let c = 3 + 2. Let m(h) = 1 - 4 - 4*h**2 - 6*h**3 + 5*h**o + c*h. What is m(-5)?
-3
Let i(r) = -76*r + 2 + 59*r - 1. What is i(-1)?
18
Let x(l) = -l**2 + 10*l - 16. Let z be x(5). Let p(w) = w - 3. Determine p(z).
6
Let y(p) = 4*p**3 - 3*p**2 - 2*p - 6. Let g(z) be the first derivative of 5*z**4/4 - 4*z**3/3 - 3*z**2/2 - 7*z + 3. Let s(a) = 3*g(a) - 4*y(a). Determine s(0).
3
Let p(z) = 11*z - 1. Let b(j) = -12*j - 3. Let l = -10 + 7. Let f be b(l). Let o be (-27)/33 + (-6)/f. Determine p(o).
-12
Let v be 1/(1/1*1). Let z = 2 + v. Let i(m) = -m**3 + 4*m**2 - 2*m - 3. Give i(z).
0
Let b be (27/12)/((-12)/32). Let v(d) = -3 + 5*d - 11*d + 7*d. Give v(b).
-9
Let o(b) = b - 1. Let p(g) = -15*g - 2. Let r be p(2). Let c = r + 29. What is o(c)?
-4
Let t(m) = -m**2 + 11. Let q(p) = -3*p**3 - 2*p + 3*p**3 + p - p**3 + p**2. Let h be q(0). Let y be 2/4*h/1. What is t(y)?
11
Suppose 8*t - 15 = 9. Let c(i) = i -